-y**3/6 - 3*y**2/2 + 161*y. Give n(6).
-9
Suppose 6*x + 119 - 5 = 0. Let h(p) = p**3 + 20*p**2 + 20*p + 14. What is h(x)?
-5
Let q(m) = -2*m**2 - 31*m + 43. Let t be q(-17). Let w(o) = o**3 + 7*o**2 - 10*o - 11. Calculate w(t).
5
Let t = -1968 - -1970. Let p(i) = 11*i + 3. Calculate p(t).
25
Let v(o) = 2 + 3 + 0*o**3 - 5*o + o**3 + 12*o - 6*o**2. Let x(f) = 3*f**3 - 13*f**2 + 15*f + 10. Let i(l) = 5*v(l) - 2*x(l). Determine i(-5).
5
Let i(z) = 6*z - 36. Let q be i(7). Let p(j) = j**2 - j**3 - 2 + 1 - q*j**2 - j. Determine p(-5).
4
Let t(s) = -9*s**2 - 2*s + 6. Let p(u) = -7*u**2 - 3*u + 7. Let a(g) = -4*p(g) + 3*t(g). Calculate a(-6).
-10
Let c(v) = -v**2 + 8*v + 5. Let i = 61 + -58. Suppose i + 4 = x. Determine c(x).
12
Let a(t) = t**3 - 11*t**2 + t - 16. Let x be a(11). Let y be 10/x*-2 - 1. Let c(z) = 7*z**3 + z - 11 - z**2 + 10 - y*z. Determine c(-1).
-7
Suppose 5*d + 4*i - 52 = 0, 4*d + i - 28 = 7. Suppose -d = -5*h + 2. Let y(p) = -3*p**2 - 5*p + 6*p**h + 2 - 5*p**2 + 3*p**2. What is y(4)?
-2
Suppose -13 = -3*q - 1. Suppose 2*a = 3*u - 6, -2*u - 2*a + q = -10. Suppose 4*d + d - u*n + 29 = 0, 0 = 4*n - 4. Let m(g) = -g - 3. Calculate m(d).
2
Let u be ((-207)/92)/(6/(-8)). Suppose 14 - 4 = 5*n + 5*v, u*n + 2*v - 5 = 0. Let j(b) = -5*b**3 - 2*b + 1. Calculate j(n).
-6
Let t(b) = -14*b - 19*b + 34*b - 4 - 2. Give t(11).
5
Let i = -11 + 15. Let r(u) = i*u - 2 + u**2 + 1 + 0 + 4. Suppose 0 = 3*q + q + 8. Give r(q).
-1
Let l(r) = -2*r**3 + r**2 + r. Suppose -2*a - 3*x = -13, 7*a - 4*a = -5*x + 22. What is l(a)?
2
Suppose 0*x - 9 = 3*v + 3*x, -2*v - 4*x - 6 = 0. Let q(n) = -7*n - 2. Determine q(v).
19
Let t be 18/45 + 2/(30/39). Let c(h) = -13*h + 2*h - h**2 - t*h + 7*h - 2. Calculate c(-5).
8
Suppose d - 3 - 1 = -w, 0 = -d - 5*w - 12. Let f(s) = -3*s + 16. Determine f(d).
-8
Let u = -14 + 8. Let n be (-16)/u + (-6)/9. Let h(w) = w**2 - 4*w - 1. Let t(f) = f**2 - 4*f - 1. Let b(d) = n*t(d) - 3*h(d). Calculate b(5).
-4
Let g(c) = c**3 + 7*c**2 - 3*c - 12. Suppose 107*r = 111*r + 28. What is g(r)?
9
Let m be -1*(2 + -15) - 3. Suppose w - 5 = -z, 3*w - m = -5*z + 7. Let f(g) = -6*g**3 + 2*g**2 - 2*g + 1. Calculate f(z).
-5
Let y(r) = 61 - r**2 - r + 3*r - 42 - 28. Let g(t) = 2*t**2 - 3*t + 17. Let d(v) = -6*g(v) - 11*y(v). Calculate d(-4).
-3
Let k(o) = -o**2 - 6*o + 10. Let d be k(-6). Suppose 2*u + d = v, v + v - 5*u - 23 = 0. Let s(t) = -6 + 3 - 1 + 3 + t**2. Determine s(v).
15
Let y(a) = 9*a**2 + 8*a + 8. Let k(p) = 16*p**2 + 16*p + 14. Let q(f) = -4*k(f) + 7*y(f). Give q(-9).
-9
Let z(h) be the second derivative of -h**4/12 - h**3/6 + h**2/2 + 13*h. What is z(-3)?
-5
Suppose -i + 7 = -3*d, 4*i = 5*d - 3*d + 8. Let p(n) = -5*n - 3. Determine p(d).
7
Let b(x) = -x**2 - 8*x - 6. Let t be (-4)/10 - (-216)/40. Suppose t*p - 40 + 65 = 0. Give b(p).
9
Let y(m) be the third derivative of m**5/60 - m**4/4 - m**3 - 3*m**2. Suppose 0 = f + 35 - 42. Give y(f).
1
Let s(c) = -17*c - 3 - 1 + 5 - 2. Give s(-1).
16
Let k(s) = s**3 + 16*s**2 + 14*s - 4. Let f be -25*(9/12)/((-35)/(-28)). What is k(f)?
11
Let y(t) = 7*t**2 - 12*t + 11. Let h = 23 - 28. Let x(r) = -3*r**2 + 6*r - 5. Let n(l) = h*x(l) - 2*y(l). Give n(6).
3
Suppose 0*d = 2*d + 8. Let l(j) be the second derivative of j**5/20 + j**4/3 - j**3/3 + j - 12. Calculate l(d).
8
Let k(m) = -m**3 + 7*m**2 - 13*m + 9. Let s be k(5). Let w(z) = -5*z**2 - 5*z + 3 + 12*z - z**3 + 0*z**3. Give w(s).
-3
Let u(i) = i**2 + 11*i. Suppose -293*a - 308 = -249*a. Calculate u(a).
-28
Let a = -3 + 4. Let r(m) = 2. Let f(x) = -1. Let y(l) = -7*f(l) - 3*r(l). Let j(i) = -i + 3. Let s(k) = -j(k) + 4*y(k). Give s(a).
2
Let r = -209 - -205. Let w(t) = t**3 + 4*t**2 - 3*t - 1. What is w(r)?
11
Let y(a) = -a - 1. Let q(v) = v**2 + 7*v - 10. Let t be q(-8). Let c be y(t). Let j(k) = -5 + k**2 + 4*k - 3*k - c - 6. Calculate j(0).
-12
Let w be 10/10*(-1 - 1). Let i(r) = r**3 - 29*r + 2*r**2 + 2 + 0*r**2 + 30*r. Calculate i(w).
0
Let q(b) be the first derivative of -7/2*b**2 + 0*b - 5/3*b**3 + 1/4*b**4 - 13. Give q(6).
-6
Let l(x) be the second derivative of 0 + 1/2*x**2 + 1/6*x**4 + 1/10*x**5 + 1/3*x**3 - 22*x. Determine l(-1).
-1
Let t(i) = 1025 + 6*i - 4*i - 1019. Let r(l) be the third derivative of -l**4/12 - 5*l**3/6 - l**2. Let u(w) = -6*r(w) - 5*t(w). Determine u(-3).
-6
Let b(d) = 7*d - 2 + 2 + 4. Let w = -652 + 649. Calculate b(w).
-17
Let b = -1 - 3. Let s(d) = 4 + 9*d + 2*d - 4*d**2 - 10*d. Let o(c) = c**3 - c. Let v(z) = o(z) - s(z). Determine v(b).
4
Suppose 4*v = 5*f - 14 - 12, 0 = 3*f - 6. Suppose s = 2*i + 2, 6 = 3*s - i - i. Let m(j) = -s + j - 1 + 2. Calculate m(v).
-5
Let i be ((-2)/(-10)*22)/(12/30). Let b(y) = -y**2 + 11*y + 14. Determine b(i).
14
Let b(s) = -s**2 - 4*s - 1. Let x = -26 - -22. Let l be x - 4 - -4*1. Determine b(l).
-1
Let t(f) = 21*f**3 + 13*f**2 + 11*f + 18. Let s(u) = 17*u**3 + 13*u**2 + 12*u + 18. Let x(a) = -5*s(a) + 4*t(a). What is x(-12)?
30
Suppose y = 5*n + 18, -30 = -5*y - 2*n - 3*n. Let k(s) be the third derivative of s**4/24 - s**3/3 - 15*s**2. What is k(y)?
6
Let b = -11 - -26. Suppose -u - b = -4*u. Let m(k) = -k + 2. Calculate m(u).
-3
Let v(k) = k**2 - 6*k + 3. Let m(c) = c**2 + 3*c - 4. Let f be m(-3). Let q = 2 + f. Let w be 2*(-3)/q + -1. Determine v(w).
-5
Let s = 17 + -7. Let h(c) = 4 + 7 + 4*c - s. Give h(1).
5
Let b = -12 + 22. Let n(z) = z**3 - 11*z**2 + 9*z. What is n(b)?
-10
Let v(z) = -z**2 + 5*z. Suppose -5*f - t - 5 = 0, 6*t - 3*t + 15 = 3*f. Suppose -2*o + 44 = -f*o. Suppose -5*l + 39 = -5*k - 1, o = 4*l + k. What is v(l)?
-6
Let k(m) = -m**2 + 4*m. Let r(i) = -i - 14. Let x be r(-16). Suppose 4*q = -3*v + 14, -5*q - x*v + 17 = 2*v. Determine k(q).
-5
Let h(t) = -4 + t**2 - 32 + 30 + 4*t. Suppose 0 = -4*r - m - 16, -4*r - 40 = -5*m. What is h(r)?
-1
Let q(f) = 4*f - 48 - f**2 + 54 - 5*f. Let t be (-9)/3 + (-18)/(-6). Calculate q(t).
6
Let m(b) = -7 - 14*b**2 + 7*b - 3*b**3 - 4 - 7. Let h(r) = -2*r**3 - 7*r**2 + 3*r - 9. Let t(d) = -5*h(d) + 3*m(d). Calculate t(6).
-9
Let u(j) = -2*j - 3. Suppose -2*f = -f - 9. Let d be 1*-1*(f - 15). Let s(g) = -g + 3. Let k be s(d). Determine u(k).
3
Let m(h) = 3*h**3 - 30*h**2 + 28*h - 2. Let w be m(9). Let c(s) = -1. Let q(y) = y + 7. Let f(o) = -4*c(o) - q(o). Give f(w).
-10
Let i(t) = -4*t - 23. Let q(b) = 7*b + 43. Let g(z) = -5*i(z) - 3*q(z). What is g(-11)?
-3
Let y(f) be the third derivative of f**5/30 - f**3/3 + 156*f**2 - 5. Let h(q) = -2*q**2 - q - 1. Let i be h(-1). What is y(i)?
6
Let m = -439 + 445. Let v(t) = t**3 - 4*t**2 - 8*t. Determine v(m).
24
Let a(r) = 5 - r**2 - 7*r + 36 - 48. Calculate a(-5).
3
Let d(q) be the second derivative of -q**3/3 + 13*q**2/2 + 4*q - 9. Give d(0).
13
Let g(q) = 109*q**3 + q**2 - q. Let r be g(-1). Let x = r - -106. Let l(d) = -23*d - 1. Give l(x).
22
Let i(p) be the second derivative of -p**3/6 - 13*p**2/2 + 32*p. Calculate i(-16).
3
Suppose d - 4*m = -4 + 15, -3*d = -5*m - 12. Let w(i) = 2*i**2 + 7*i - 5. Let t(a) = -a**2 - 3*a + 2. Let g(k) = -5*t(k) - 2*w(k). Calculate g(d).
0
Let m(h) be the second derivative of h**4/12 - h**3/6 - 13*h**2/2 - 5*h. Let u be 0/(-5) - (1 + -1). Determine m(u).
-13
Let m(n) = -36*n**3 - 5*n**2 - 8*n. Suppose -2*h + 3*c = 10, h + 0*c = -c - 15. Let x(l) = -12*l**3 - 2*l**2 - 3*l. Let k(w) = h*x(w) + 4*m(w). Calculate k(-1).
13
Let a(x) = -x**3 + 3*x**2 + 4*x - 2. Let b = -355 - -359. Determine a(b).
-2
Let m(l) = l**3 - 4*l**2 - l - 4. Suppose 2*c - x + 2 = 0, x = -3*x. Let k be 9 + 16/(c - 3). What is m(k)?
16
Suppose -4*z + 53 + 7 = 0. Let o(s) = -2*s**2 + 9 - z + 8*s + s**2. Calculate o(6).
6
Let v(g) = -5*g - 3. Let r be -5*6/45*12/8. Give v(r).
2
Let k(l) = -l - 1. Let n be k(-5). Suppose 45 + 0 = 5*b. Let x(i) = 2 + 2*i - b + 3. What is x(n)?
4
Let t be (-68)/16 + 2 + (-11)/(-44). Let m(a) = 13*a - 5. Let n(p) = -14*p + 6. Let k(v) = 7*m(v) + 6*n(v). What is k(t)?
-13
Let w(f) = -f + 8. Suppose 0 = -4*j + 7*j - 12. Let v be w(j). Let k(m) be the third derivative of m**5/60 - 5*m**4/24 + m**3/2 - 4*m**2. Determine k(v).
-1
Suppose 52*y - 58*y - 30 = 0. Let l(i) = i**2. Let g(j) = 4*j**2 + 8*j + 4. Let r(v) = g(v) - 3*l(v). Calculate r(y).
-11
Let h(g) = g**3 - 9*g**2 + 10*g - 8. Let l be (-1 - 0) + 0 - 5/(-5). Suppose l = 3*j - 31 + 7. Give h